{"id":685,"date":"2022-10-28T11:31:03","date_gmt":"2022-10-28T09:31:03","guid":{"rendered":"https:\/\/www.kreativnms-stockerau.at\/wordpress\/?page_id=685"},"modified":"2022-10-28T11:53:06","modified_gmt":"2022-10-28T09:53:06","slug":"leitbild","status":"publish","type":"page","link":"https:\/\/www.kreativnms-stockerau.at\/wordpress\/?page_id=685","title":{"rendered":"Leitbild"},"content":{"rendered":"<h3>Pers\u00f6nlichkeitsbildung<\/h3>\n<p>Die Entfaltung und F\u00f6rderung pers\u00f6nlicher Interessensfelder und Begabungen stehen im Mittelpunkt unserer Arbeit. Zur St\u00e4rkung der Pers\u00f6nlichkeit sollen vielf\u00e4ltige, auch digitale Pr\u00e4sentationstechniken beitragen.<\/p>\n<h3>Leistungsbereitschaft<\/h3>\n<p>Zur Motivationssteigerung begleiten digitale Unterrichtsmittel und Medien den Unterricht unseres engagierten Lehrer*Innen- Teams in individuellen Lerngruppen nach dem Lehrplan Standard-AHS und Standard. Die St\u00e4rkung digitaler Kompetenzen ist in allen Unterrichtsgegenst\u00e4nde implementiert.<\/p>\n<h3>F\u00f6rderung sozialen Handelns und gemeinsamen Arbeitens<\/h3>\n<p>Durch ein respektvolles Miteinander sollen die Sch\u00fclerinnen und Sch\u00fcler ermutigt werden Verantwortung f\u00fcr ihr eigenes Handeln zu \u00fcbernehmen und einen bewussten Umgang mit modernen Medien erlernen.<\/p>\n<h3>Kreativit\u00e4t<\/h3>\n<p>Die Freude an Kunst, Kultur, Musik, Schauspiel und kreativem Gestalten soll geweckt und erweitert werden, indem auch mit digitalen Unterrichtsmitteln gearbeitet wird.<\/p>\n<h3>Neugierde wecken<\/h3>\n<p>Durch unsere Schwerpunkt-Klassen bietet sich f\u00fcr die Sch\u00fclerinnen und Sch\u00fcler die M\u00f6glichkeit ihre Interessen und Talente individuell entfalten zu k\u00f6nnen.<\/p>\n<p>&nbsp;<\/p>\n","protected":false},"excerpt":{"rendered":"<p>Pers\u00f6nlichkeitsbildung Die Entfaltung und F\u00f6rderung pers\u00f6nlicher Interessensfelder und Begabungen stehen im Mittelpunkt unserer Arbeit. Zur St\u00e4rkung der Pers\u00f6nlichkeit sollen vielf\u00e4ltige, &hellip; <\/p>\n","protected":false},"author":1,"featured_media":0,"parent":0,"menu_order":0,"comment_status":"closed","ping_status":"closed","template":"","meta":{"footnotes":""},"yoast_head":"<!-- This site is optimized with the Yoast SEO plugin v23.0 - https:\/\/yoast.com\/wordpress\/plugins\/seo\/ -->\n<title>Leitbild - Kreativ-Mittelschule Stockerau<\/title>\n<meta name=\"description\" content=\"Unsere Kreativ-Mittelschule liegt in Stockerau, direkt am Denkmal f\u00fcr den Dichter Nikolaus Lenau. Die Schule besteht seit dem Jahr 1778.\" \/>\n<meta name=\"robots\" content=\"index, follow, max-snippet:-1, max-image-preview:large, max-video-preview:-1\" \/>\n<link rel=\"canonical\" href=\"https:\/\/www.kreativnms-stockerau.at\/wordpress\/?page_id=685\" \/>\n<meta property=\"og:locale\" content=\"de_DE\" \/>\n<meta property=\"og:type\" content=\"article\" \/>\n<meta property=\"og:title\" content=\"Leitbild - Kreativ-Mittelschule Stockerau\" \/>\n<meta property=\"og:description\" content=\"Unsere Kreativ-Mittelschule liegt in Stockerau, direkt am Denkmal f\u00fcr den Dichter Nikolaus Lenau. Die Schule besteht seit dem Jahr 1778.\" \/>\n<meta property=\"og:url\" content=\"https:\/\/www.kreativnms-stockerau.at\/wordpress\/?page_id=685\" \/>\n<meta property=\"og:site_name\" content=\"Kreativ-Mittelschule Stockerau\" \/>\n<meta property=\"article:modified_time\" content=\"2022-10-28T09:53:06+00:00\" \/>\n<meta name=\"twitter:card\" content=\"summary_large_image\" \/>\n<meta name=\"twitter:label1\" content=\"Gesch\u00e4tzte Lesezeit\" \/>\n\t<meta name=\"twitter:data1\" content=\"1\u00a0Minute\" \/>\n<script type=\"application\/ld+json\" class=\"yoast-schema-graph\">{\"@context\":\"https:\/\/schema.org\",\"@graph\":[{\"@type\":\"WebPage\",\"@id\":\"https:\/\/www.kreativnms-stockerau.at\/wordpress\/?page_id=685\",\"url\":\"https:\/\/www.kreativnms-stockerau.at\/wordpress\/?page_id=685\",\"name\":\"Leitbild - Kreativ-Mittelschule Stockerau\",\"isPartOf\":{\"@id\":\"https:\/\/www.kreativnms-stockerau.at\/wordpress\/#website\"},\"datePublished\":\"2022-10-28T09:31:03+00:00\",\"dateModified\":\"2022-10-28T09:53:06+00:00\",\"description\":\"Unsere Kreativ-Mittelschule liegt in Stockerau, direkt am Denkmal f\u00fcr den Dichter Nikolaus Lenau. Die Schule besteht seit dem Jahr 1778.\",\"breadcrumb\":{\"@id\":\"https:\/\/www.kreativnms-stockerau.at\/wordpress\/?page_id=685#breadcrumb\"},\"inLanguage\":\"de\",\"potentialAction\":[{\"@type\":\"ReadAction\",\"target\":[\"https:\/\/www.kreativnms-stockerau.at\/wordpress\/?page_id=685\"]}]},{\"@type\":\"BreadcrumbList\",\"@id\":\"https:\/\/www.kreativnms-stockerau.at\/wordpress\/?page_id=685#breadcrumb\",\"itemListElement\":[{\"@type\":\"ListItem\",\"position\":1,\"name\":\"Startseite\",\"item\":\"https:\/\/www.kreativnms-stockerau.at\/wordpress\/\"},{\"@type\":\"ListItem\",\"position\":2,\"name\":\"Leitbild\"}]},{\"@type\":\"WebSite\",\"@id\":\"https:\/\/www.kreativnms-stockerau.at\/wordpress\/#website\",\"url\":\"https:\/\/www.kreativnms-stockerau.at\/wordpress\/\",\"name\":\"Kreativ-Mittelschule Stockerau\",\"description\":\"\",\"publisher\":{\"@id\":\"https:\/\/www.kreativnms-stockerau.at\/wordpress\/#organization\"},\"potentialAction\":[{\"@type\":\"SearchAction\",\"target\":{\"@type\":\"EntryPoint\",\"urlTemplate\":\"https:\/\/www.kreativnms-stockerau.at\/wordpress\/?s={search_term_string}\"},\"query-input\":\"required name=search_term_string\"}],\"inLanguage\":\"de\"},{\"@type\":\"Organization\",\"@id\":\"https:\/\/www.kreativnms-stockerau.at\/wordpress\/#organization\",\"name\":\"Kreativ-Mittelschule Stockerau\",\"url\":\"https:\/\/www.kreativnms-stockerau.at\/wordpress\/\",\"logo\":{\"@type\":\"ImageObject\",\"inLanguage\":\"de\",\"@id\":\"https:\/\/www.kreativnms-stockerau.at\/wordpress\/#\/schema\/logo\/image\/\",\"url\":\"https:\/\/www.kreativnms-stockerau.at\/wordpress\/wp-content\/uploads\/2022\/10\/cropped-Logo-100x100px.png\",\"contentUrl\":\"https:\/\/www.kreativnms-stockerau.at\/wordpress\/wp-content\/uploads\/2022\/10\/cropped-Logo-100x100px.png\",\"width\":100,\"height\":100,\"caption\":\"Kreativ-Mittelschule Stockerau\"},\"image\":{\"@id\":\"https:\/\/www.kreativnms-stockerau.at\/wordpress\/#\/schema\/logo\/image\/\"}}]}<\/script>\n<!-- \/ Yoast SEO plugin. -->","yoast_head_json":{"title":"Leitbild - Kreativ-Mittelschule Stockerau","description":"Unsere Kreativ-Mittelschule liegt in Stockerau, direkt am Denkmal f\u00fcr den Dichter Nikolaus Lenau. Die Schule besteht seit dem Jahr 1778.","robots":{"index":"index","follow":"follow","max-snippet":"max-snippet:-1","max-image-preview":"max-image-preview:large","max-video-preview":"max-video-preview:-1"},"canonical":"https:\/\/www.kreativnms-stockerau.at\/wordpress\/?page_id=685","og_locale":"de_DE","og_type":"article","og_title":"Leitbild - Kreativ-Mittelschule Stockerau","og_description":"Unsere Kreativ-Mittelschule liegt in Stockerau, direkt am Denkmal f\u00fcr den Dichter Nikolaus Lenau. Die Schule besteht seit dem Jahr 1778.","og_url":"https:\/\/www.kreativnms-stockerau.at\/wordpress\/?page_id=685","og_site_name":"Kreativ-Mittelschule Stockerau","article_modified_time":"2022-10-28T09:53:06+00:00","twitter_card":"summary_large_image","twitter_misc":{"Gesch\u00e4tzte Lesezeit":"1\u00a0Minute"},"schema":{"@context":"https:\/\/schema.org","@graph":[{"@type":"WebPage","@id":"https:\/\/www.kreativnms-stockerau.at\/wordpress\/?page_id=685","url":"https:\/\/www.kreativnms-stockerau.at\/wordpress\/?page_id=685","name":"Leitbild - Kreativ-Mittelschule Stockerau","isPartOf":{"@id":"https:\/\/www.kreativnms-stockerau.at\/wordpress\/#website"},"datePublished":"2022-10-28T09:31:03+00:00","dateModified":"2022-10-28T09:53:06+00:00","description":"Unsere Kreativ-Mittelschule liegt in Stockerau, direkt am Denkmal f\u00fcr den Dichter Nikolaus Lenau. Die Schule besteht seit dem Jahr 1778.","breadcrumb":{"@id":"https:\/\/www.kreativnms-stockerau.at\/wordpress\/?page_id=685#breadcrumb"},"inLanguage":"de","potentialAction":[{"@type":"ReadAction","target":["https:\/\/www.kreativnms-stockerau.at\/wordpress\/?page_id=685"]}]},{"@type":"BreadcrumbList","@id":"https:\/\/www.kreativnms-stockerau.at\/wordpress\/?page_id=685#breadcrumb","itemListElement":[{"@type":"ListItem","position":1,"name":"Startseite","item":"https:\/\/www.kreativnms-stockerau.at\/wordpress\/"},{"@type":"ListItem","position":2,"name":"Leitbild"}]},{"@type":"WebSite","@id":"https:\/\/www.kreativnms-stockerau.at\/wordpress\/#website","url":"https:\/\/www.kreativnms-stockerau.at\/wordpress\/","name":"Kreativ-Mittelschule Stockerau","description":"","publisher":{"@id":"https:\/\/www.kreativnms-stockerau.at\/wordpress\/#organization"},"potentialAction":[{"@type":"SearchAction","target":{"@type":"EntryPoint","urlTemplate":"https:\/\/www.kreativnms-stockerau.at\/wordpress\/?s={search_term_string}"},"query-input":"required name=search_term_string"}],"inLanguage":"de"},{"@type":"Organization","@id":"https:\/\/www.kreativnms-stockerau.at\/wordpress\/#organization","name":"Kreativ-Mittelschule Stockerau","url":"https:\/\/www.kreativnms-stockerau.at\/wordpress\/","logo":{"@type":"ImageObject","inLanguage":"de","@id":"https:\/\/www.kreativnms-stockerau.at\/wordpress\/#\/schema\/logo\/image\/","url":"https:\/\/www.kreativnms-stockerau.at\/wordpress\/wp-content\/uploads\/2022\/10\/cropped-Logo-100x100px.png","contentUrl":"https:\/\/www.kreativnms-stockerau.at\/wordpress\/wp-content\/uploads\/2022\/10\/cropped-Logo-100x100px.png","width":100,"height":100,"caption":"Kreativ-Mittelschule Stockerau"},"image":{"@id":"https:\/\/www.kreativnms-stockerau.at\/wordpress\/#\/schema\/logo\/image\/"}}]}},"_links":{"self":[{"href":"https:\/\/www.kreativnms-stockerau.at\/wordpress\/index.php?rest_route=\/wp\/v2\/pages\/685"}],"collection":[{"href":"https:\/\/www.kreativnms-stockerau.at\/wordpress\/index.php?rest_route=\/wp\/v2\/pages"}],"about":[{"href":"https:\/\/www.kreativnms-stockerau.at\/wordpress\/index.php?rest_route=\/wp\/v2\/types\/page"}],"author":[{"embeddable":true,"href":"https:\/\/www.kreativnms-stockerau.at\/wordpress\/index.php?rest_route=\/wp\/v2\/users\/1"}],"replies":[{"embeddable":true,"href":"https:\/\/www.kreativnms-stockerau.at\/wordpress\/index.php?rest_route=%2Fwp%2Fv2%2Fcomments&post=685"}],"version-history":[{"count":0,"href":"https:\/\/www.kreativnms-stockerau.at\/wordpress\/index.php?rest_route=\/wp\/v2\/pages\/685\/revisions"}],"wp:attachment":[{"href":"https:\/\/www.kreativnms-stockerau.at\/wordpress\/index.php?rest_route=%2Fwp%2Fv2%2Fmedia&parent=685"}],"curies":[{"name":"wp","href":"https:\/\/api.w.org\/{rel}","templated":true}]}}